{"id":28,"date":"2022-05-09T04:07:18","date_gmt":"2022-05-09T04:07:18","guid":{"rendered":"http:\/\/qrcode-stt.com.tr\/?page_id=28"},"modified":"2024-10-22T11:53:47","modified_gmt":"2024-10-22T11:53:47","slug":"urunler","status":"publish","type":"page","link":"https:\/\/qrcode-stt.com.tr\/index.php\/urunler\/","title":{"rendered":"\u00dcr\u00fcnler"},"content":{"rendered":"\t\t<div data-elementor-type=\"wp-page\" data-elementor-id=\"28\" class=\"elementor elementor-28\">\n\t\t\t\t\t\t<section class=\"elementor-section elementor-top-section elementor-element elementor-element-e2d2d41 elementor-section-boxed elementor-section-height-default elementor-section-height-default\" data-id=\"e2d2d41\" data-element_type=\"section\" data-e-type=\"section\">\n\t\t\t\t\t\t<div class=\"elementor-container elementor-column-gap-default\">\n\t\t\t\t\t<div class=\"elementor-column elementor-col-100 elementor-top-column elementor-element elementor-element-92893b1\" data-id=\"92893b1\" data-element_type=\"column\" data-e-type=\"column\">\n\t\t\t<div class=\"elementor-widget-wrap elementor-element-populated\">\n\t\t\t\t\t\t<div class=\"elementor-element elementor-element-7120de6 elementor-widget__width-initial elementor-widget elementor-widget-solume_elementor_heading\" data-id=\"7120de6\" data-element_type=\"widget\" data-e-type=\"widget\" data-widget_type=\"solume_elementor_heading.default\">\n\t\t\t\t<div class=\"elementor-widget-container\">\n\t\t\t\t\t\t\t<div class=\"ova-title\">\n\n\t\t\t\n\t\t\t\t\t\t\t\t\t\t\t\t\t<h2 class=\"title\">\n\t\t\t\t\t\t\tGeni\u015f bir i\u015f hizmetleri yelpazesi sunuyoruz\t\t\t\t\t\t<\/h2>\n\n\t\t\t\t\t\t\t\n\t\t\t\n\t\t<\/div> \n\t\t\t\t\t\t<\/div>\n\t\t\t\t<\/div>\n\t\t\t\t\t<\/div>\n\t\t<\/div>\n\t\t\t\t\t<\/div>\n\t\t<\/section>\n\t\t\t\t<section class=\"elementor-section elementor-top-section elementor-element elementor-element-7865f47 elementor-section-boxed elementor-section-height-default elementor-section-height-default\" data-id=\"7865f47\" data-element_type=\"section\" data-e-type=\"section\" data-settings=\"{&quot;background_background&quot;:&quot;classic&quot;}\">\n\t\t\t\t\t\t<div class=\"elementor-container elementor-column-gap-default\">\n\t\t\t\t\t<div class=\"elementor-column elementor-col-100 elementor-top-column elementor-element elementor-element-758d445\" data-id=\"758d445\" data-element_type=\"column\" data-e-type=\"column\">\n\t\t\t<div class=\"elementor-widget-wrap elementor-element-populated\">\n\t\t\t\t\t\t<div class=\"elementor-element elementor-element-277ea67 elementor-widget elementor-widget-ovasev_elementor_service_slider\" data-id=\"277ea67\" data-element_type=\"widget\" data-e-type=\"widget\" data-settings=\"{&quot;pause_on_hover&quot;:&quot;yes&quot;,&quot;infinite&quot;:&quot;yes&quot;,&quot;autoplay&quot;:&quot;yes&quot;,&quot;autoplay_speed&quot;:5000}\" data-widget_type=\"ovasev_elementor_service_slider.default\">\n\t\t\t\t<div class=\"elementor-widget-container\">\n\t\t\t\t\t\n\n<div class=\"ova-services-slider ova-services-slider-horizontal\">\n\n\t<div class=\"services-slider\" data-options=\"{&quot;items&quot;:6,&quot;centerMode&quot;:false,&quot;autoplayHoverPause&quot;:true,&quot;loop&quot;:true,&quot;autoplay&quot;:true,&quot;autoplayTimeout&quot;:5000,&quot;smartSpeed&quot;:300,&quot;rtl&quot;:false,&quot;vertical&quot;:false}\">\n\t\t\t\t\t<div class=\"item\">\n\t\t\t\t<div class=\"item-box\">\n\t\t\t\t\t<i class=\"fa-solid fa-shirt\"><\/i>\n\t\t\t\t\t<h2 class=\"service-title\">\n\t\t\t\t\t\t\u00dcr\u00fcn QR Kodu\t\t\n\t\t\t\t\t<\/h2>\n\t\t\t\t<\/div>\n\t\t\t<\/div>\n\t\t\t\t\t<div class=\"item\">\n\t\t\t\t<div class=\"item-box\">\n\t\t\t\t\t<i class=\"fa-solid fa-layer-group\"><\/i>\n\t\t\t\t\t<h2 class=\"service-title\">\n\t\t\t\t\t\tToplu QR Kodu\t\t\n\t\t\t\t\t<\/h2>\n\t\t\t\t<\/div>\n\t\t\t<\/div>\n\t\t\t\t\t<div class=\"item\">\n\t\t\t\t<div class=\"item-box\">\n\t\t\t\t\t<i class=\"fa-solid fa-user\"><\/i>\n\t\t\t\t\t<h2 class=\"service-title\">\n\t\t\t\t\t\tKi\u015fisel QR Kodu\t\t\n\t\t\t\t\t<\/h2>\n\t\t\t\t<\/div>\n\t\t\t<\/div>\n\t\t\t\t\t<div class=\"item\">\n\t\t\t\t<div class=\"item-box\">\n\t\t\t\t\t<i class=\"fa-solid fa-mobile\"><\/i>\n\t\t\t\t\t<h2 class=\"service-title\">\n\t\t\t\t\t\tSTT Ak\u0131ll\u0131 Uygulama\t\t\n\t\t\t\t\t<\/h2>\n\t\t\t\t<\/div>\n\t\t\t<\/div>\n\t\t\t\t\t<div class=\"item\">\n\t\t\t\t<div class=\"item-box\">\n\t\t\t\t\t<i class=\"fa-solid fa-chart-pie\"><\/i>\n\t\t\t\t\t<h2 class=\"service-title\">\n\t\t\t\t\t\tDerin Tarama Analiti\u011fi\t\t\n\t\t\t\t\t<\/h2>\n\t\t\t\t<\/div>\n\t\t\t<\/div>\n\t\t\t\t\t<div class=\"item\">\n\t\t\t\t<div class=\"item-box\">\n\t\t\t\t\t<i class=\"fa-solid fa-people-arrows\"><\/i>\n\t\t\t\t\t<h2 class=\"service-title\">\n\t\t\t\t\t\tNihai T\u00fcketici \u0130leti\u015fimi\t\t\n\t\t\t\t\t<\/h2>\n\t\t\t\t<\/div>\n\t\t\t<\/div>\n\t\t\t\t\t<div class=\"item\">\n\t\t\t\t<div class=\"item-box\">\n\t\t\t\t\t<i class=\"fa-solid fa-question\"><\/i>\n\t\t\t\t\t<h2 class=\"service-title\">\n\t\t\t\t\t\tNeden STT\t\t\n\t\t\t\t\t<\/h2>\n\t\t\t\t<\/div>\n\t\t\t<\/div>\n\t\t\t<\/div>\n\n\t<div class=\"services-slider-content\">\n\t\t\t\t\t<div class=\"content\">\n\t\t\t\t<div class=\"content-layout\">\n\t\t\t\t\t\t\t\t\t\t\t<div class=\"service-img\">\n\t\t\t\t\t\t\t<img decoding=\"async\" src=\"https:\/\/qrcode-stt.com.tr\/wp-content\/uploads\/2024\/10\/DALL\u00b7E-2024-10-23-11.21.50-A-clean-and-modern-graphic-design-for-a-product-QR-code-featuring-a-simple-yet-eye-catching-layout.-The-design-should-include-a-clear-QR-code-in-the-.webp\" class=\"img-responsive service-img\" alt=\"\u00dcr\u00fcn QR Kodu\">\n\t\t\t\t\t\t<\/div>\n\t\t\t\t\t\t\t\t\t\t<div class=\"info\">\n\t\t\t\t\t\t<h2 class=\"service-title\">\n\t\t\t\t\t\t\t\u00dcr\u00fcn QR Kodu\t\n\t\t\t\t\t\t<\/h2>\n\t\t\t\t\t\t\t\t\t\t\t\t\t<span class=\"service-category\">\n\t\t\t\t\t\t\t\t\u00dcr\u00fcnler\t\t\t\t\t\t\t<\/span>\n\t\t\t\t\t\t\t\t\t\t\t\t<p class=\"service-except\">\n\t\t\t\t\t\t\t\u0130ster bir t\u00fcketici \u00fcr\u00fcn\u00fc, end\u00fcstriyel ekipman, ki\u015fisel e\u015fya, d\u00fc\u011f\u00fcn ya da do\u011fum g\u00fcn\u00fc gibi bir etkinlik, konferans, konser veya ba\u015fka herhangi bir durum olsun, STT'nin Makale QR Kodu Y\u00f6netimi t\u00fcm ihtiya\u00e7lar\u0131n\u0131za ve tercihleriniz do\u011frultusunda bunlar\u0131n hepsini y\u00f6netebilir.\r\n\r\nSTT Makale QR Kodu Olu\u015fturucu ile t\u00fcm \u00f6nemli bilgilerinizi \u2013 resimler, metinler, videolar, PDF dosyalar\u0131, web ba\u011flant\u0131lar\u0131, sertifikalar ve daha fazlas\u0131 \u2013 kapsayan tek bir QR Kodu olu\u015fturabilirsiniz. Bunu yapmak i\u00e7in canl\u0131 bir URL\u2019ye, bar\u0131nd\u0131rma sat\u0131n almaya ya da bir alan ad\u0131 g\u00fcvence alt\u0131na almaya gerek yoktur.\r\n\r\nSTT, \u00e7e\u015fitli i\u00e7erikleri tek bir \u00e7ok y\u00f6nl\u00fc QR Kodunda toplaman\u0131z\u0131 ve y\u00f6netmenizi kolayla\u015ft\u0131r\u0131r.\t\n\t\t\t\t\t\t<\/p>\n\t\t\t\t\t\t<a class=\"services-btn\" href=\"https:\/\/qrcode-stt.com.tr\/index.php\/service\/urun-qr-kodu\/\" title=\"Detaylar\u0131 G\u00f6r\">\n\t\t\t\t\t\t\tDetaylar\u0131 G\u00f6r\t\t\t\t\t\t\t<i class=\"icomoon icomoon-right\"><\/i>\n\t\t\t\t\t\t<\/a>\n\t\t\t\t\t<\/div>\n\t\t\t\t<\/div>\n\t\t\t<\/div>\n\t\t\t\t\t<div class=\"content\">\n\t\t\t\t<div class=\"content-layout\">\n\t\t\t\t\t\t\t\t\t\t\t<div class=\"service-img\">\n\t\t\t\t\t\t\t<img decoding=\"async\" src=\"https:\/\/qrcode-stt.com.tr\/wp-content\/uploads\/2022\/05\/Toplu-QR-Kod-Olusturma-1024x1024.png\" class=\"img-responsive service-img\" alt=\"Toplu QR Kodu\">\n\t\t\t\t\t\t<\/div>\n\t\t\t\t\t\t\t\t\t\t<div class=\"info\">\n\t\t\t\t\t\t<h2 class=\"service-title\">\n\t\t\t\t\t\t\tToplu QR Kodu\t\n\t\t\t\t\t\t<\/h2>\n\t\t\t\t\t\t\t\t\t\t\t\t\t<span class=\"service-category\">\n\t\t\t\t\t\t\t\t\u00dcr\u00fcnler\t\t\t\t\t\t\t<\/span>\n\t\t\t\t\t\t\t\t\t\t\t\t<p class=\"service-except\">\n\t\t\t\t\t\t\tG\u00fcn\u00fcm\u00fcz\u00fcn h\u0131zl\u0131 tempolu d\u00fcnyas\u0131nda, m\u00fc\u015fteriler h\u0131zl\u0131 yan\u0131tlar ve \u00e7\u00f6z\u00fcmler beklemektedir. \u00dcretim hatt\u0131n\u0131z\u0131n tamam\u0131 boyunca m\u00fc\u015fteri \u015fikayetlerini y\u00f6netmek ve t\u00fcm \u00fcr\u00fcn bilgilerini dijital olarak sa\u011flamak zorlay\u0131c\u0131 olabilir.\r\n\r\nSTT'nin \u201cScan to Tell\u201d \u00dcretim QR Kodu Olu\u015fturucusu, kolay bir \u00e7\u00f6z\u00fcm sunar. Bu ara\u00e7 sayesinde, parti numaralar\u0131, tedarik\u00e7iler, \u00fcretim tarihleri ve son kullanma tarihleri gibi \u00f6nemli \u00fcretim verilerini i\u00e7eren belirli makaleler i\u00e7in toplu QR kodlar\u0131 olu\u015fturabilirsiniz.\r\n\r\nM\u00fc\u015fteriler STT taraf\u0131ndan olu\u015fturulan toplu QR kodunu tarad\u0131klar\u0131nda, \u00fcretim detaylar\u0131n\u0131z\u0131 g\u00f6rmeden ayr\u0131nt\u0131l\u0131 \u00fcr\u00fcn bilgilerine ula\u015facaklard\u0131r. Ancak, bir m\u00fc\u015fteri belirli bir \u00fcr\u00fcnle ilgili mesaj g\u00f6nderirse, o QR koduna g\u00f6m\u00fcl\u00fc olan \u00fcretim partisine an\u0131nda eri\u015fim sa\u011flayacaks\u0131n\u0131z. Bu, \u00fcretim ve tedarik zinciriniz boyunca sorunlar\u0131 h\u0131zl\u0131 ve etkili bir \u015fekilde izleyip d\u00fczeltmenize olanak tan\u0131r.\t\n\t\t\t\t\t\t<\/p>\n\t\t\t\t\t\t<a class=\"services-btn\" href=\"https:\/\/qrcode-stt.com.tr\/index.php\/service\/lead-generation\/\" title=\"Detaylar\u0131 G\u00f6r\">\n\t\t\t\t\t\t\tDetaylar\u0131 G\u00f6r\t\t\t\t\t\t\t<i class=\"icomoon icomoon-right\"><\/i>\n\t\t\t\t\t\t<\/a>\n\t\t\t\t\t<\/div>\n\t\t\t\t<\/div>\n\t\t\t<\/div>\n\t\t\t\t\t<div class=\"content\">\n\t\t\t\t<div class=\"content-layout\">\n\t\t\t\t\t\t\t\t\t\t\t<div class=\"service-img\">\n\t\t\t\t\t\t\t<img decoding=\"async\" src=\"https:\/\/qrcode-stt.com.tr\/wp-content\/uploads\/2022\/05\/DALL\u00b7E-2024-10-23-11.25.51-A-clean-and-modern-graphic-design-for-a-personal-QR-code-featuring-a-minimalist-layout-with-a-single-QR-code-in-the-center.-The-design-should-incorpo.webp\" class=\"img-responsive service-img\" alt=\"Ki\u015fisel QR Kodu\">\n\t\t\t\t\t\t<\/div>\n\t\t\t\t\t\t\t\t\t\t<div class=\"info\">\n\t\t\t\t\t\t<h2 class=\"service-title\">\n\t\t\t\t\t\t\tKi\u015fisel QR Kodu\t\n\t\t\t\t\t\t<\/h2>\n\t\t\t\t\t\t\t\t\t\t\t\t\t<span class=\"service-category\">\n\t\t\t\t\t\t\t\t\u00dcr\u00fcnler\t\t\t\t\t\t\t<\/span>\n\t\t\t\t\t\t\t\t\t\t\t\t<p class=\"service-except\">\n\t\t\t\t\t\t\t\u00dcreticimiz, web URL'leri, metin, e-posta, telefon numaralar\u0131, SMS, etkinlikler ve Wi-Fi gibi i\u00e7erikler i\u00e7in dinamik QR kodlar\u0131 olu\u015fturur. Statik kodlar\u0131n aksine, dinamik QR kodlar\u0131 i\u00e7eriklerinizi istedi\u011finiz zaman g\u00fcncelleyerek kesintisiz ileti\u015fim sa\u011flar.\r\n\r\nSTT\u2019nin Ak\u0131ll\u0131 Uygulamas\u0131, QR kodlar\u0131n\u0131 \u00f6zel adlar, kategoriler ve dosyalarla kaydedip d\u00fczenlemenizi sa\u011flar. Web URL QR kodu olu\u015fturucumuz, isimleri \u00f6zelle\u015ftirme, kategori atama ve y\u00f6netim imkan\u0131 sunar\u2014yay\u0131nlayabilir, duraklatabilir veya silebilirsiniz.\r\n\r\nPlatformumuz, QR kodlar\u0131n\u0131z\u0131 net bir liste ile sunarak g\u00f6r\u00fcn\u00fcrl\u00fck ve verimlilik sa\u011flar. Ayr\u0131ca, toplam tarama say\u0131s\u0131, co\u011frafi da\u011f\u0131l\u0131m ve i\u015fletim sistemi analizleriyle zaman temelli grafikler g\u00f6r\u00fcnt\u00fclemenizi m\u00fcmk\u00fcn k\u0131lar. Kurumsal kullan\u0131c\u0131lar, ba\u011f\u0131ms\u0131z eri\u015fim i\u00e7in alt giri\u015fler olu\u015fturabilir ve geli\u015fmi\u015f analizlerle QR kodu performans\u0131n\u0131 art\u0131rabilir.\t\n\t\t\t\t\t\t<\/p>\n\t\t\t\t\t\t<a class=\"services-btn\" href=\"https:\/\/qrcode-stt.com.tr\/index.php\/service\/support-function\/\" title=\"Detaylar\u0131 G\u00f6r\">\n\t\t\t\t\t\t\tDetaylar\u0131 G\u00f6r\t\t\t\t\t\t\t<i class=\"icomoon icomoon-right\"><\/i>\n\t\t\t\t\t\t<\/a>\n\t\t\t\t\t<\/div>\n\t\t\t\t<\/div>\n\t\t\t<\/div>\n\t\t\t\t\t<div class=\"content\">\n\t\t\t\t<div class=\"content-layout\">\n\t\t\t\t\t\t\t\t\t\t\t<div class=\"service-img\">\n\t\t\t\t\t\t\t<img decoding=\"async\" src=\"https:\/\/qrcode-stt.com.tr\/wp-content\/uploads\/2022\/05\/touchscreen-smartphone-01-1024x808.jpg\" class=\"img-responsive service-img\" alt=\"STT Ak\u0131ll\u0131 Uygulama\">\n\t\t\t\t\t\t<\/div>\n\t\t\t\t\t\t\t\t\t\t<div class=\"info\">\n\t\t\t\t\t\t<h2 class=\"service-title\">\n\t\t\t\t\t\t\tSTT Ak\u0131ll\u0131 Uygulama\t\n\t\t\t\t\t\t<\/h2>\n\t\t\t\t\t\t\t\t\t\t\t\t\t<span class=\"service-category\">\n\t\t\t\t\t\t\t\t\u00dcr\u00fcnler\t\t\t\t\t\t\t<\/span>\n\t\t\t\t\t\t\t\t\t\t\t\t<p class=\"service-except\">\n\t\t\t\t\t\t\tSTT Ak\u0131ll\u0131 Uygulamas\u0131, kullan\u0131c\u0131lar\u0131n QR Kodlar\u0131n\u0131 taramas\u0131na, olu\u015fturmas\u0131na ve kolay eri\u015fim i\u00e7in ki\u015fiselle\u015ftirilmi\u015f bir dijital c\u00fczdanda kaydetmesine olanak tan\u0131yan yenilik\u00e7i bir QR Kod taray\u0131c\u0131s\u0131d\u0131r.\r\n\r\nMarka sahipleri i\u00e7in, m\u00fc\u015fterilerin STT taraf\u0131ndan olu\u015fturulan QR Kodlar\u0131n\u0131z\u0131 kaydetmesini ve payla\u015fmas\u0131n\u0131, garanti uyar\u0131lar\u0131 ayarlamas\u0131n\u0131 ve daha fazlas\u0131n\u0131 sa\u011flar. Kullan\u0131c\u0131lar ayr\u0131ca ki\u015fisel e\u015fyalar\u0131n\u0131 dijitalle\u015ftirerek resimler, dosyalar ve ba\u011flant\u0131lar saklayabilir ve c\u00fczdanlar\u0131nda hat\u0131rlat\u0131c\u0131lar olu\u015fturabilir.\r\n\r\nSTT Ak\u0131ll\u0131 Uygulamas\u0131 ile m\u00fc\u015fteri hizmetlerini ve kullan\u0131c\u0131 rahatl\u0131\u011f\u0131n\u0131 art\u0131r\u0131n.\t\n\t\t\t\t\t\t<\/p>\n\t\t\t\t\t\t<a class=\"services-btn\" href=\"https:\/\/qrcode-stt.com.tr\/index.php\/service\/organizational-audit\/\" title=\"Detaylar\u0131 G\u00f6r\">\n\t\t\t\t\t\t\tDetaylar\u0131 G\u00f6r\t\t\t\t\t\t\t<i class=\"icomoon icomoon-right\"><\/i>\n\t\t\t\t\t\t<\/a>\n\t\t\t\t\t<\/div>\n\t\t\t\t<\/div>\n\t\t\t<\/div>\n\t\t\t\t\t<div class=\"content\">\n\t\t\t\t<div class=\"content-layout\">\n\t\t\t\t\t\t\t\t\t\t\t<div class=\"service-img\">\n\t\t\t\t\t\t\t<img decoding=\"async\" src=\"https:\/\/qrcode-stt.com.tr\/wp-content\/uploads\/2022\/05\/HL_M94_02-1024x683.jpg\" class=\"img-responsive service-img\" alt=\"Derin Tarama Analiti\u011fi\">\n\t\t\t\t\t\t<\/div>\n\t\t\t\t\t\t\t\t\t\t<div class=\"info\">\n\t\t\t\t\t\t<h2 class=\"service-title\">\n\t\t\t\t\t\t\tDerin Tarama Analiti\u011fi\t\n\t\t\t\t\t\t<\/h2>\n\t\t\t\t\t\t\t\t\t\t\t\t\t<span class=\"service-category\">\n\t\t\t\t\t\t\t\t\u00dcr\u00fcnler\t\t\t\t\t\t\t<\/span>\n\t\t\t\t\t\t\t\t\t\t\t\t<p class=\"service-except\">\n\t\t\t\t\t\t\tHer marka i\u00e7in, \u00fcr\u00fcnlerinin pazardaki durumu ve m\u00fc\u015fterilerinin bu \u00fcr\u00fcnlerle nas\u0131l etkile\u015fimde bulundu\u011fu, sat\u0131n alma kararlar\u0131n\u0131n nas\u0131l etkilendi\u011fi her zaman b\u00fcy\u00fck bir \u00f6nem ta\u015f\u0131r.\r\n\r\nSTT paneli ve raporlar b\u00f6l\u00fcm\u00fc, bu konuda derinlemesine bilgi edinmeniz i\u00e7in harika bir f\u0131rsat sunar. \u00dcr\u00fcnleriniz i\u00e7in genel ve bireysel d\u00fczeyde tarama ve STT C\u00fczdan Kaydetme bilgilerini sa\u011flar. Bu bilgiler, Excel dosyas\u0131na indirilebilir ve ileriye y\u00f6nelik pazar kararlar\u0131n\u0131zda faydal\u0131 veriler elde etmek i\u00e7in veri analiti\u011fi ara\u00e7lar\u0131yla analiz edilebilir.\t\n\t\t\t\t\t\t<\/p>\n\t\t\t\t\t\t<a class=\"services-btn\" href=\"https:\/\/qrcode-stt.com.tr\/index.php\/service\/marketing-research\/\" title=\"Detaylar\u0131 G\u00f6r\">\n\t\t\t\t\t\t\tDetaylar\u0131 G\u00f6r\t\t\t\t\t\t\t<i class=\"icomoon icomoon-right\"><\/i>\n\t\t\t\t\t\t<\/a>\n\t\t\t\t\t<\/div>\n\t\t\t\t<\/div>\n\t\t\t<\/div>\n\t\t\t\t\t<div class=\"content\">\n\t\t\t\t<div class=\"content-layout\">\n\t\t\t\t\t\t\t\t\t\t\t<div class=\"service-img\">\n\t\t\t\t\t\t\t<img decoding=\"async\" src=\"https:\/\/qrcode-stt.com.tr\/wp-content\/uploads\/2022\/05\/HD_M329_09-1024x683.jpg\" class=\"img-responsive service-img\" alt=\"Nihai T\u00fcketici \u0130leti\u015fimi\">\n\t\t\t\t\t\t<\/div>\n\t\t\t\t\t\t\t\t\t\t<div class=\"info\">\n\t\t\t\t\t\t<h2 class=\"service-title\">\n\t\t\t\t\t\t\tNihai T\u00fcketici \u0130leti\u015fimi\t\n\t\t\t\t\t\t<\/h2>\n\t\t\t\t\t\t\t\t\t\t\t\t\t<span class=\"service-category\">\n\t\t\t\t\t\t\t\t\u00dcr\u00fcnler\t\t\t\t\t\t\t<\/span>\n\t\t\t\t\t\t\t\t\t\t\t\t<p class=\"service-except\">\n\t\t\t\t\t\t\tBir i\u015fletme i\u00e7in, m\u00fc\u015fterilerinin istedikleri \u00fcr\u00fcnler hakk\u0131nda istedikleri zaman ileti\u015fim kurmalar\u0131n\u0131 sa\u011flamak ve ihtiya\u00e7lar\u0131n\u0131 kar\u015f\u0131lamak her zaman \u00f6nemlidir.\r\n\r\n\u0130lk kez STT - Scan to Tell, m\u00fc\u015fterilerinizin tarad\u0131klar\u0131 \u00fcr\u00fcn\/makale QR Koduyla ilgili size sadece bir t\u0131klama ile yazabilecekleri kolay bir ileti\u015fim kanal\u0131 sunmaktad\u0131r.\r\n\r\nBu i\u015flemin nas\u0131l \u00e7al\u0131\u015ft\u0131\u011f\u0131n\u0131 g\u00f6rmek i\u00e7in a\u015fa\u011f\u0131 t\u0131klay\u0131n.\t\n\t\t\t\t\t\t<\/p>\n\t\t\t\t\t\t<a class=\"services-btn\" href=\"https:\/\/qrcode-stt.com.tr\/index.php\/service\/new-business-innovation\/\" title=\"Detaylar\u0131 G\u00f6r\">\n\t\t\t\t\t\t\tDetaylar\u0131 G\u00f6r\t\t\t\t\t\t\t<i class=\"icomoon icomoon-right\"><\/i>\n\t\t\t\t\t\t<\/a>\n\t\t\t\t\t<\/div>\n\t\t\t\t<\/div>\n\t\t\t<\/div>\n\t\t\t\t\t<div class=\"content\">\n\t\t\t\t<div class=\"content-layout\">\n\t\t\t\t\t\t\t\t\t\t\t<div class=\"service-img\">\n\t\t\t\t\t\t\t<img decoding=\"async\" src=\"https:\/\/qrcode-stt.com.tr\/wp-content\/uploads\/2022\/05\/Flat-Illustration1x.png\" class=\"img-responsive service-img\" alt=\"Neden STT\">\n\t\t\t\t\t\t<\/div>\n\t\t\t\t\t\t\t\t\t\t<div class=\"info\">\n\t\t\t\t\t\t<h2 class=\"service-title\">\n\t\t\t\t\t\t\tNeden STT\t\n\t\t\t\t\t\t<\/h2>\n\t\t\t\t\t\t\t\t\t\t\t\t\t<span class=\"service-category\">\n\t\t\t\t\t\t\t\t\u00dcr\u00fcnler\t\t\t\t\t\t\t<\/span>\n\t\t\t\t\t\t\t\t\t\t\t\t<p class=\"service-except\">\n\t\t\t\t\t\t\tSTT (Scan to Tell), \u00fcr\u00fcn sahiplerine, \u00fcr\u00fcnlerinin hikayesini etkili bir \u015fekilde payla\u015fma imkan\u0131 sunan yenilik\u00e7i bir QR kod \u00e7\u00f6z\u00fcm\u00fcd\u00fcr. Kullan\u0131c\u0131lar, alan ad\u0131 veya web bar\u0131nd\u0131rma gibi ek maliyetler olmadan, t\u00fcm \u00fcr\u00fcn bilgilerini tek bir QR kodu arac\u0131l\u0131\u011f\u0131yla m\u00fc\u015fterilerine sunabilirler. M\u00fc\u015fteriler, bu kodu tarayarak \u00fcr\u00fcn bilgilerine h\u0131zl\u0131ca eri\u015febilir, sorular sorabilir ve geri bildirimde bulunabilirler. Ayr\u0131ca, STT Ak\u0131ll\u0131 Uygulamas\u0131 sayesinde \u00fcr\u00fcnleri dijital c\u00fczdanlar\u0131nda saklayarak \u00f6nemli belgeleri d\u00fczenleyebilirler. STT, kullan\u0131c\u0131lar\u0131n g\u00fcvenini art\u0131rarak, bilgiye an\u0131nda eri\u015fim sa\u011flarken, i\u015fletmelere de geli\u015fmi\u015f analitik ve m\u00fc\u015fteri etkile\u015fimleri sunarak pazardaki rekabet avantajlar\u0131n\u0131 art\u0131r\u0131r.\t\n\t\t\t\t\t\t<\/p>\n\t\t\t\t\t\t<a class=\"services-btn\" href=\"https:\/\/qrcode-stt.com.tr\/index.php\/service\/partnership-ecosystem\/\" title=\"Detaylar\u0131 G\u00f6r\">\n\t\t\t\t\t\t\tDetaylar\u0131 G\u00f6r\t\t\t\t\t\t\t<i class=\"icomoon icomoon-right\"><\/i>\n\t\t\t\t\t\t<\/a>\n\t\t\t\t\t<\/div>\n\t\t\t\t<\/div>\n\t\t\t<\/div>\n\t\t\t<\/div>\n\n<\/div>\n\n\t\t\t\t<\/div>\n\t\t\t\t<\/div>\n\t\t\t\t\t<\/div>\n\t\t<\/div>\n\t\t\t\t\t<\/div>\n\t\t<\/section>\n\t\t\t\t<\/div>\n\t\t","protected":false},"excerpt":{"rendered":"<p>Geni\u015f bir i\u015f hizmetleri yelpazesi sunuyoruz \u00dcr\u00fcn QR Kodu Toplu QR Kodu Ki\u015fisel QR Kodu STT Ak\u0131ll\u0131 Uygulama Derin Tarama Analiti\u011fi Nihai T\u00fcketici \u0130leti\u015fimi Neden STT \u00dcr\u00fcn QR Kodu \u00dcr\u00fcnler \u0130ster bir t\u00fcketici \u00fcr\u00fcn\u00fc, end\u00fcstriyel ekipman, ki\u015fisel e\u015fya, d\u00fc\u011f\u00fcn ya da do\u011fum g\u00fcn\u00fc gibi bir etkinlik, konferans, konser veya ba\u015fka herhangi bir durum olsun, STT&#8217;nin [&hellip;]<\/p>\n","protected":false},"author":1,"featured_media":0,"parent":0,"menu_order":0,"comment_status":"closed","ping_status":"closed","template":"elementor_header_footer","meta":{"_monsterinsights_skip_tracking":false,"_monsterinsights_sitenote_active":false,"_monsterinsights_sitenote_note":"","_monsterinsights_sitenote_category":0,"footnotes":""},"class_list":["post-28","page","type-page","status-publish","hentry"],"aioseo_notices":[],"_links":{"self":[{"href":"https:\/\/qrcode-stt.com.tr\/index.php\/wp-json\/wp\/v2\/pages\/28"}],"collection":[{"href":"https:\/\/qrcode-stt.com.tr\/index.php\/wp-json\/wp\/v2\/pages"}],"about":[{"href":"https:\/\/qrcode-stt.com.tr\/index.php\/wp-json\/wp\/v2\/types\/page"}],"author":[{"embeddable":true,"href":"https:\/\/qrcode-stt.com.tr\/index.php\/wp-json\/wp\/v2\/users\/1"}],"replies":[{"embeddable":true,"href":"https:\/\/qrcode-stt.com.tr\/index.php\/wp-json\/wp\/v2\/comments?post=28"}],"version-history":[{"count":18,"href":"https:\/\/qrcode-stt.com.tr\/index.php\/wp-json\/wp\/v2\/pages\/28\/revisions"}],"predecessor-version":[{"id":6691,"href":"https:\/\/qrcode-stt.com.tr\/index.php\/wp-json\/wp\/v2\/pages\/28\/revisions\/6691"}],"wp:attachment":[{"href":"https:\/\/qrcode-stt.com.tr\/index.php\/wp-json\/wp\/v2\/media?parent=28"}],"curies":[{"name":"wp","href":"https:\/\/api.w.org\/{rel}","templated":true}]}}